{"id":18,"date":"2023-04-20T16:14:06","date_gmt":"2023-04-20T14:14:06","guid":{"rendered":"https:\/\/bretagneceltique.bzh\/?page_id=18"},"modified":"2023-08-02T16:31:48","modified_gmt":"2023-08-02T14:31:48","slug":"programme","status":"publish","type":"page","link":"https:\/\/bretagneceltique.bzh\/?page_id=18","title":{"rendered":"Programme &#8211; Deiziater &#8211; Program"},"content":{"rendered":"\n<p>MATIN &#8211; MINTIN &#8211; MORNING <\/p>\n\n\n\n<p>Accueil \u00e0 partir de 9h30<\/p>\n\n\n\n<p>Interventions \u00e0 partir de 10h<\/p>\n\n\n\n<p class=\"has-black-color has-text-color\">   . <strong>Barry Cunliffe<\/strong> : Le monde celte de l&rsquo;ouest (vid\u00e9o) <br>                                       Kelted eus ar C\u2019horn\u00f4g (Enrolladenn video )<br>                                       Celtic from the West (video recording)<br>      &amp; <strong>Fabien R\u00e9gnier&nbsp;<\/strong>: Le monde celte continental, son apog\u00e9e (Hallstatt, La T\u00e8ne) et les relations entre les peuples composant l\u2019ensemble celtique.<br>                                              Ar bed keltiek war an douar bras betek ar vegenn (Hallstatt, La T\u00e8ne) hag an darempred gant ar poblo\u00f9 keltiek all.<br>                                              The continental Celtic world, its culmination (Hallstatt, La T\u00e8ne) and the relations between the Celtic peoples.<br><\/p>\n\n\n\n<p class=\"has-black-color has-text-color\">&nbsp;&nbsp; . <strong>Patrick Galliou<\/strong> : L&rsquo;Armorique et l&rsquo;\u00eele de Bretagne dans le monde celte<br>                                         Arvorig hag Enez Breizh-Veur er bed keltiek<br>                                         Armorica and the island of Britain in the Celtic world<\/p>\n\n\n\n<p class=\"has-black-color has-text-color\">&nbsp;&nbsp; . <strong>Patrick Galliou <\/strong>: De l&rsquo;Armorique gallo-romaine \u00e0 la naissance de la Bretagne<br>                                         Eus an Arvorig Gall-ha-Roman da c\u2019hanedigezh Breizh<br>                                        From Gallo-Roman Armorica to the birth of Brittany <\/p>\n\n\n\n<p class=\"has-black-color has-text-color\">&nbsp;&nbsp; . <strong>Herv\u00e9 Le Bihan<\/strong> : Le breton, langue celtique<br>                                         Brezhoneg, ur yezh keltiek<br>                                         Breton, a Celtic language<\/p>\n\n\n\n<p class=\"has-black-color has-text-color\">&nbsp;&nbsp; . <strong>Simon Rodway<\/strong> : Les liens litt\u00e9raires entre la Bretagne et le pays de Galles au moyen-\u00e2ge, d&rsquo;Arthur \u00e0 Skolvan<\/p>\n\n\n\n<p class=\"has-black-color has-text-color\">                                       Liammo\u00f9 lennegel etre Breizh ha Kembre er Grennamzer, eus Arzhur da&nbsp; Skolvan<br>                                       Literary links between Brittany and Wales in the Middle Ages, from Arthur to Skolvan<\/p>\n\n\n\n<p class=\"has-black-color has-text-color\">APR\u00c8S-MIDI &#8211; GOUDE LEIN &#8211; AFTERNOON<\/p>\n\n\n\n<p>Reprise \u00e0 14h<\/p>\n\n\n\n<p class=\"has-black-color has-text-color\">   . <strong>Corinne Poulain<\/strong> : La Bretagne dans la peau : la fabrique du patrimoine \u00e0 l&rsquo;heure des droits culturels<br>                                        Beza\u00f1 sot-pitilh gant Breizh&nbsp; : sevel ar glad da vare ar gwirio\u00f9 sevenadurel<br>                                          Brittany in the skin: the fabric of heritage at the time of cultural rights<\/p>\n\n\n\n<p class=\"has-black-color has-text-color\">&nbsp;&nbsp; . <strong>Erwan Chartier<\/strong> &amp; <strong>Roger Faligot<\/strong> : Histoire de l&rsquo;interceltisme<br>                                                                           Un istor eus an Etrekeltiegezh<br>                                                                           A history of Intercelticism      <\/p>\n\n\n\n<p class=\"has-black-color has-text-color\">&nbsp;&nbsp; . <strong>Jo\u00ebl Cornette<\/strong> : L&rsquo;identit\u00e9 bretonne, de la honte \u00e0 la fiert\u00e9 <br>                                     Identelez Breizh, eus ar vezh d\u2019al lorc\u2019h<br>                                     Breton Identity, from shame to pride<\/p>\n\n\n\n<p class=\"has-black-color has-text-color\">&nbsp;&nbsp; . <strong>Rozenn Milin<\/strong> : Identit\u00e9 celtique, identit\u00e9 multiple, identit\u00e9 menac\u00e9e<br>                                     Identelezh Keltiek, identelezh lies, identitelezh goudrouzet<br>                                     Celtic identity, multiple identity, threatened identity<\/p>\n\n\n\n<p class=\"has-black-color has-text-color\">&nbsp;&nbsp; . Interview du grand t\u00e9moin, <strong>Alan Stivell<\/strong><br>     Pennad-kaoz gant <strong>Alan Stivell<\/strong><br>     Interview with <strong>Alan Stivell<\/strong><\/p>\n\n\n\n<p class=\"has-black-color has-text-color\">&nbsp;&nbsp; . Table ronde sur l&rsquo;interceltisme d&rsquo;aujourd&rsquo;hui avec :<br>     Taol-grenn diwar-benn ar gwirdoud etrekeltiek gant :  <br>     Round table on today&rsquo;s Interceltic reality with :<br> <strong>Jean-Philippe Mauras<\/strong> (FIL), <strong>Rozenn Leroy <\/strong>(Kenleur), <strong>Malo Bou\u00ebssel du Bourg <\/strong>(Produit en Bretagne), <strong>Corinne Poulain<\/strong> (Les Champs Libres), <strong>Erwan Chartier<\/strong>, <strong>Alan Stivell<\/strong>, <strong>Nolwenn Faligot<\/strong> (Pevarzek).<\/p>\n\n\n\n<p>     . Allocution de <strong>Niall Burgess<\/strong>, ambassadeur d&rsquo;Irlande \u00e0 Paris<\/p>\n\n\n\n<p>     . Allocution de <strong>Mark Drakeford<\/strong>, Premier ministre du pays de Galles                                   <\/p>\n\n\n\n<p>       Prezegenn Mark Drakeford, Ministr &#8211; kenta\u00f1 Bro-Gembre<\/p>\n\n\n\n<p>      Speech by Mark Drakeford, First minister of Wales<\/p>\n\n\n\n<p><\/p>\n\n\n\n<p class=\"has-black-color has-text-color\">     . Conclusion du colloque par <strong>Loig Chesnais-Girard<\/strong>, pr\u00e9sident du Conseil r\u00e9gional de Bretagne <br>       Klozadur ar c&rsquo;hendiviz gant Loig Chesnais-Girard, prezidant Kuzul Rannvroel Breizh, <br>       Conclusion of the symposium by Loig Chesnais-Girard, President of the Regional Council of Brittany <\/p>\n\n\n\n<p><\/p>\n\n\n\n<p class=\"has-black-color has-text-color\">     . Cl\u00f4ture de la journ\u00e9e par <strong>Fabrice Loher<\/strong>, maire de Lorient et pr\u00e9sident de Lorient Agglom\u00e9ration et invitation \u00e0 l&rsquo;inauguration officielle du Festival interceltique 2023. <br>        Evit echui\u00f1 an devezh, Fabrice Loher, maer an Oriant ha prezidant Tolpad-Kerio\u00f9 an Oriant a gomzo. Pedet e vo an holl da zigoradur ofisiel Gouel Etrekeltiek 2023. <br>        Closing of the day by Fabrice Loher, Mayor of Lorient and President of Lorient Agglomeration and invitation to the official inauguration of the 2023 Interceltic Festival.<br><\/p>\n\n\n<div class=\"wp-block-image\">\n<figure class=\"alignright size-large\"><img loading=\"lazy\" decoding=\"async\" width=\"724\" height=\"1024\" src=\"https:\/\/bretagneceltique.bzh\/wp-content\/uploads\/2023\/05\/St-Marc-1-724x1024.jpg\" alt=\"\" class=\"wp-image-127\" srcset=\"https:\/\/bretagneceltique.bzh\/wp-content\/uploads\/2023\/05\/St-Marc-1-724x1024.jpg 724w, https:\/\/bretagneceltique.bzh\/wp-content\/uploads\/2023\/05\/St-Marc-1-212x300.jpg 212w, https:\/\/bretagneceltique.bzh\/wp-content\/uploads\/2023\/05\/St-Marc-1-768x1086.jpg 768w, https:\/\/bretagneceltique.bzh\/wp-content\/uploads\/2023\/05\/St-Marc-1-1086x1536.jpg 1086w, https:\/\/bretagneceltique.bzh\/wp-content\/uploads\/2023\/05\/St-Marc-1-1448x2048.jpg 1448w, https:\/\/bretagneceltique.bzh\/wp-content\/uploads\/2023\/05\/St-Marc-1-scaled.jpg 1810w\" sizes=\"auto, (max-width: 724px) 100vw, 724px\" \/><\/figure>\n<\/div>","protected":false},"excerpt":{"rendered":"<p>MATIN &#8211; MINTIN &#8211; MORNING Accueil \u00e0 partir de 9h30 Interventions \u00e0 partir de 10h . Barry Cunliffe : Le monde celte de l&rsquo;ouest (vid\u00e9o) Kelted eus ar C\u2019horn\u00f4g (Enrolladenn video ) Celtic from the West (video recording) &amp; Fabien &hellip; <a href=\"https:\/\/bretagneceltique.bzh\/?page_id=18\">Continuer la lecture <span class=\"meta-nav\">&rarr;<\/span><\/a><\/p>\n","protected":false},"author":1,"featured_media":0,"parent":0,"menu_order":2,"comment_status":"closed","ping_status":"closed","template":"","meta":{"footnotes":""},"class_list":["post-18","page","type-page","status-publish","hentry"],"_links":{"self":[{"href":"https:\/\/bretagneceltique.bzh\/index.php?rest_route=\/wp\/v2\/pages\/18","targetHints":{"allow":["GET"]}}],"collection":[{"href":"https:\/\/bretagneceltique.bzh\/index.php?rest_route=\/wp\/v2\/pages"}],"about":[{"href":"https:\/\/bretagneceltique.bzh\/index.php?rest_route=\/wp\/v2\/types\/page"}],"author":[{"embeddable":true,"href":"https:\/\/bretagneceltique.bzh\/index.php?rest_route=\/wp\/v2\/users\/1"}],"replies":[{"embeddable":true,"href":"https:\/\/bretagneceltique.bzh\/index.php?rest_route=%2Fwp%2Fv2%2Fcomments&post=18"}],"version-history":[{"count":24,"href":"https:\/\/bretagneceltique.bzh\/index.php?rest_route=\/wp\/v2\/pages\/18\/revisions"}],"predecessor-version":[{"id":426,"href":"https:\/\/bretagneceltique.bzh\/index.php?rest_route=\/wp\/v2\/pages\/18\/revisions\/426"}],"wp:attachment":[{"href":"https:\/\/bretagneceltique.bzh\/index.php?rest_route=%2Fwp%2Fv2%2Fmedia&parent=18"}],"curies":[{"name":"wp","href":"https:\/\/api.w.org\/{rel}","templated":true}]}}

<p>MATIN &#8211; MINTIN &#8211; MORNING </p>



<p>Accueil à partir de 9h30</p>



<p>Interventions à partir de 10h</p>



<p class="has-black-color has-text-color">   . <strong>Barry Cunliffe</strong> : Le monde celte de l&rsquo;ouest (vidéo) <br>                                       Kelted eus ar C’hornôg (Enrolladenn video )<br>                                       Celtic from the West (video recording)<br>      &amp; <strong>Fabien Régnier&nbsp;</strong>: Le monde celte continental, son apogée (Hallstatt, La Tène) et les relations entre les peuples composant l’ensemble celtique.<br>                                              Ar bed keltiek war an douar bras betek ar vegenn (Hallstatt, La Tène) hag an darempred gant ar pobloù keltiek all.<br>                                              The continental Celtic world, its culmination (Hallstatt, La Tène) and the relations between the Celtic peoples.<br></p>



<p class="has-black-color has-text-color">&nbsp;&nbsp; . <strong>Patrick Galliou</strong> : L&rsquo;Armorique et l&rsquo;île de Bretagne dans le monde celte<br>                                         Arvorig hag Enez Breizh-Veur er bed keltiek<br>                                         Armorica and the island of Britain in the Celtic world</p>



<p class="has-black-color has-text-color">&nbsp;&nbsp; . <strong>Patrick Galliou </strong>: De l&rsquo;Armorique gallo-romaine à la naissance de la Bretagne<br>                                         Eus an Arvorig Gall-ha-Roman da c’hanedigezh Breizh<br>                                        From Gallo-Roman Armorica to the birth of Brittany </p>



<p class="has-black-color has-text-color">&nbsp;&nbsp; . <strong>Hervé Le Bihan</strong> : Le breton, langue celtique<br>                                         Brezhoneg, ur yezh keltiek<br>                                         Breton, a Celtic language</p>



<p class="has-black-color has-text-color">&nbsp;&nbsp; . <strong>Simon Rodway</strong> : Les liens littéraires entre la Bretagne et le pays de Galles au moyen-âge, d&rsquo;Arthur à Skolvan</p>



<p class="has-black-color has-text-color">                                       Liammoù lennegel etre Breizh ha Kembre er Grennamzer, eus Arzhur da&nbsp; Skolvan<br>                                       Literary links between Brittany and Wales in the Middle Ages, from Arthur to Skolvan</p>



<p class="has-black-color has-text-color">APRÈS-MIDI &#8211; GOUDE LEIN &#8211; AFTERNOON</p>



<p>Reprise à 14h</p>



<p class="has-black-color has-text-color">   . <strong>Corinne Poulain</strong> : La Bretagne dans la peau : la fabrique du patrimoine à l&rsquo;heure des droits culturels<br>                                        Bezañ sot-pitilh gant Breizh&nbsp; : sevel ar glad da vare ar gwirioù sevenadurel<br>                                          Brittany in the skin: the fabric of heritage at the time of cultural rights</p>



<p class="has-black-color has-text-color">&nbsp;&nbsp; . <strong>Erwan Chartier</strong> &amp; <strong>Roger Faligot</strong> : Histoire de l&rsquo;interceltisme<br>                                                                           Un istor eus an Etrekeltiegezh<br>                                                                           A history of Intercelticism      </p>



<p class="has-black-color has-text-color">&nbsp;&nbsp; . <strong>Joël Cornette</strong> : L&rsquo;identité bretonne, de la honte à la fierté <br>                                     Identelez Breizh, eus ar vezh d’al lorc’h<br>                                     Breton Identity, from shame to pride</p>



<p class="has-black-color has-text-color">&nbsp;&nbsp; . <strong>Rozenn Milin</strong> : Identité celtique, identité multiple, identité menacée<br>                                     Identelezh Keltiek, identelezh lies, identitelezh goudrouzet<br>                                     Celtic identity, multiple identity, threatened identity</p>



<p class="has-black-color has-text-color">&nbsp;&nbsp; . Interview du grand témoin, <strong>Alan Stivell</strong><br>     Pennad-kaoz gant <strong>Alan Stivell</strong><br>     Interview with <strong>Alan Stivell</strong></p>



<p class="has-black-color has-text-color">&nbsp;&nbsp; . Table ronde sur l&rsquo;interceltisme d&rsquo;aujourd&rsquo;hui avec :<br>     Taol-grenn diwar-benn ar gwirdoud etrekeltiek gant :  <br>     Round table on today&rsquo;s Interceltic reality with :<br> <strong>Jean-Philippe Mauras</strong> (FIL), <strong>Rozenn Leroy </strong>(Kenleur), <strong>Malo Bouëssel du Bourg </strong>(Produit en Bretagne), <strong>Corinne Poulain</strong> (Les Champs Libres), <strong>Erwan Chartier</strong>, <strong>Alan Stivell</strong>, <strong>Nolwenn Faligot</strong> (Pevarzek).</p>



<p>     . Allocution de <strong>Niall Burgess</strong>, ambassadeur d&rsquo;Irlande à Paris</p>



<p>     . Allocution de <strong>Mark Drakeford</strong>, Premier ministre du pays de Galles                                   </p>



<p>       Prezegenn Mark Drakeford, Ministr &#8211; kentañ Bro-Gembre</p>



<p>      Speech by Mark Drakeford, First minister of Wales</p>



<p></p>



<p class="has-black-color has-text-color">     . Conclusion du colloque par <strong>Loig Chesnais-Girard</strong>, président du Conseil régional de Bretagne <br>       Klozadur ar c&rsquo;hendiviz gant Loig Chesnais-Girard, prezidant Kuzul Rannvroel Breizh, <br>       Conclusion of the symposium by Loig Chesnais-Girard, President of the Regional Council of Brittany </p>



<p></p>



<p class="has-black-color has-text-color">     . Clôture de la journée par <strong>Fabrice Loher</strong>, maire de Lorient et président de Lorient Agglomération et invitation à l&rsquo;inauguration officielle du Festival interceltique 2023. <br>        Evit echuiñ an devezh, Fabrice Loher, maer an Oriant ha prezidant Tolpad-Kerioù an Oriant a gomzo. Pedet e vo an holl da zigoradur ofisiel Gouel Etrekeltiek 2023. <br>        Closing of the day by Fabrice Loher, Mayor of Lorient and President of Lorient Agglomeration and invitation to the official inauguration of the 2023 Interceltic Festival.<br></p>


<div class="wp-block-image">
<figure class="alignright size-large"><img loading="lazy" decoding="async" width="724" height="1024" src="https://bretagneceltique.bzh/wp-content/uploads/2023/05/St-Marc-1-724x1024.jpg" alt="" class="wp-image-127" srcset="https://bretagneceltique.bzh/wp-content/uploads/2023/05/St-Marc-1-724x1024.jpg 724w, https://bretagneceltique.bzh/wp-content/uploads/2023/05/St-Marc-1-212x300.jpg 212w, https://bretagneceltique.bzh/wp-content/uploads/2023/05/St-Marc-1-768x1086.jpg 768w, https://bretagneceltique.bzh/wp-content/uploads/2023/05/St-Marc-1-1086x1536.jpg 1086w, https://bretagneceltique.bzh/wp-content/uploads/2023/05/St-Marc-1-1448x2048.jpg 1448w, https://bretagneceltique.bzh/wp-content/uploads/2023/05/St-Marc-1-scaled.jpg 1810w" sizes="auto, (max-width: 724px) 100vw, 724px" /></figure>
</div>

<p>MATIN &#8211; MINTIN &#8211; MORNING Accueil à partir de 9h30 Interventions à partir de 10h . Barry Cunliffe : Le monde celte de l&rsquo;ouest (vidéo) Kelted eus ar C’hornôg (Enrolladenn video ) Celtic from the West (video recording) &amp; Fabien &hellip; <a href="https://bretagneceltique.bzh/?page_id=18">Continuer la lecture <span class="meta-nav">&rarr;</span></a></p>
