{"id":3,"date":"2023-04-20T15:26:14","date_gmt":"2023-04-20T13:26:14","guid":{"rendered":"https:\/\/bretagneceltique.bzh\/?page_id=3"},"modified":"2023-06-14T10:13:53","modified_gmt":"2023-06-14T08:13:53","slug":"politique-de-confidentialite","status":"publish","type":"page","link":"https:\/\/bretagneceltique.bzh\/?page_id=3","title":{"rendered":"Politique de confidentialit\u00e9 &#8211; Politikerezh prevezded &#8211; Privacy policy"},"content":{"rendered":"\n<h2 class=\"wp-block-heading\">Qui sommes-nous&nbsp;? Who we are<\/h2>\n\n\n\n<p>L\u2019adresse de notre site est\u00a0: https:\/\/bretagneceltique.bzh\/<\/p>\n\n\n\n<p class=\"has-blue-color has-text-color\">Chomlec&rsquo;h hor lec&rsquo;hienn a zo :  https:\/\/bretagneceltique.bzh\/<\/p>\n\n\n\n<p class=\"has-text-color\" style=\"color:#3a6a0a\">Who we are : Our website address is: <a href=\"https:\/\/bretagneceltique.bzh\">https:\/\/bretagneceltique.bzh<\/a>\/<\/p>\n\n\n\n<h2 class=\"wp-block-heading\">Commentaires &#8211; Evezhiadenno\u00f9 &#8211; Comments<\/h2>\n\n\n\n<p>Quand vous laissez un commentaire sur notre site, les donn\u00e9es inscrites dans le formulaire de commentaire, ainsi que votre adresse IP et l\u2019agent utilisateur de votre navigateur sont collect\u00e9s pour nous aider \u00e0 la d\u00e9tection des commentaires ind\u00e9sirables.<\/p>\n\n\n\n<p>Une cha\u00eene anonymis\u00e9e cr\u00e9\u00e9e \u00e0 partir de votre adresse e-mail (\u00e9galement appel\u00e9e hash) peut \u00eatre envoy\u00e9e au service Gravatar pour v\u00e9rifier si vous utilisez ce dernier. Les clauses de confidentialit\u00e9 du service Gravatar sont disponibles ici\u00a0: https:\/\/automattic.com\/privacy\/. Apr\u00e8s validation de votre commentaire, votre photo de profil sera visible publiquement \u00e0 cot\u00e9 de votre commentaire.<\/p>\n\n\n\n<p class=\"has-blue-color has-text-color\">Pa laoskit un evezhiadenn bennak war hol lec\u2019hienn e vez ebarzhiet an daveenno\u00f9 a gaver er furmskrid hag an daveenno\u00f9 kement-all, hag ho chomlec\u2019h IP ha graer ho merdeer, ha dastumet e vezont evit ma c\u2019hellfe beza\u00f1 dinoet evezhiadenno\u00f9 strobus.<\/p>\n\n\n\n<p class=\"has-blue-color has-text-color\">Ur chadenn dizanvekaet savet diwar ho chomlec\u2019h postel&nbsp; (a vez graet bash outi) a c\u2019hello beza\u00f1 kaset d\u2019ar servijo\u00f9 Gravatar evit beza\u00f1 gwiriekaet m\u2019emaoc\u2019h oc\u2019h implijout anezhi. Kavout a reer politikerezh prevezded Gravatar&rsquo;s ama\u00f1: https:\/\/automattic.com\/privacy\/. Ur wech m\u2019eo bet kadarnaet hoc\u2019h evezhiadenn a vo gellet gwelet ho skeudenn profil a heul hoc\u2019h evezhiadenn.<\/p>\n\n\n\n<p class=\"has-text-color\" style=\"color:#3a6a0a\">When you leave a comment on our site, the data entered in the comment form, as well as your IP address and your browser&rsquo;s user agent, are collected to help us detect undesirable comments.<\/p>\n\n\n\n<p class=\"has-text-color\" style=\"color:#3a6a0a\">An anonymized string created from your e-mail address (also known as a hash) may be sent to the Gravatar service to check whether you use it. Gravatar&rsquo;s privacy policy is available here: https:\/\/automattic.com\/privacy\/. Once your comment has been validated, your profile photo will be publicly visible alongside your comment.<\/p>\n\n\n\n<h2 class=\"wp-block-heading\">M\u00e9dias &#8211; Media<\/h2>\n\n\n\n<p>Si vous t\u00e9l\u00e9versez des images sur le site, nous vous conseillons d\u2019\u00e9viter de t\u00e9l\u00e9verser des images contenant des donn\u00e9es EXIF de coordonn\u00e9es GPS. Les personnes visitant votre site peuvent t\u00e9l\u00e9charger et extraire des donn\u00e9es de localisation depuis ces images.<\/p>\n\n\n\n<p class=\"has-blue-color has-text-color\">Ma ez-kargit skeudenno\u00f9 war hol lec\u2019hienn e aliomp ac\u2019hanoc\u2019h da chom hep ez-karga\u00f1 skeudenno\u00f9 a vez enno danvez EXIF gant daveenno\u00f9 GPS., rak gweladennerien hol lec\u2019hienn a c\u2019hellfe pellgarga\u00f1 daveenno\u00f9 ha danvez lec\u2019hia\u00f1 diwar ar skeudenno\u00f9-se.<\/p>\n\n\n\n<p class=\"has-text-color\" style=\"color:#3a6a0a\">If you upload images to the site, we advise you to avoid uploading images containing EXIF data of GPS coordinates. People visiting your site may download and extract location data from these images.<\/p>\n\n\n\n<h2 class=\"wp-block-heading\">Cookies &#8211; Toupino\u00f9 &#8211; Cookies<\/h2>\n\n\n\n<p><strong class=\"privacy-policy-tutorial\"> <\/strong>Si vous d\u00e9posez un commentaire sur notre site, il vous sera propos\u00e9 d\u2019enregistrer votre nom, adresse e-mail et site dans des cookies. C\u2019est uniquement pour votre confort afin de ne pas avoir \u00e0 saisir ces informations si vous d\u00e9posez un autre commentaire plus tard. Ces cookies expirent au bout d\u2019un an.<\/p>\n\n\n\n<p>Si vous vous rendez sur la page de connexion, un cookie temporaire sera cr\u00e9\u00e9 afin de d\u00e9terminer si votre navigateur accepte les cookies. Il ne contient pas de donn\u00e9es personnelles et sera supprim\u00e9 automatiquement \u00e0 la fermeture de votre navigateur.<\/p>\n\n\n\n<p>Lorsque vous vous connecterez, nous mettrons en place un certain nombre de cookies pour enregistrer vos informations de connexion et vos pr\u00e9f\u00e9rences d\u2019\u00e9cran. La dur\u00e9e de vie d\u2019un cookie de connexion est de deux jours, celle d\u2019un cookie d\u2019option d\u2019\u00e9cran est d\u2019un an. Si vous cochez \u00ab&nbsp;Se souvenir de moi&nbsp;\u00bb, votre cookie de connexion sera conserv\u00e9 pendant deux semaines. Si vous vous d\u00e9connectez de votre compte, le cookie de connexion sera effac\u00e9.<\/p>\n\n\n\n<p>En modifiant ou en publiant une publication, un cookie suppl\u00e9mentaire sera enregistr\u00e9 dans votre navigateur. Ce cookie ne comprend aucune donn\u00e9e personnelle. Il indique simplement l\u2019ID de la publication que vous venez de modifier. Il expire au bout d\u2019un jour.<\/p>\n\n\n\n<p class=\"has-blue-color has-text-color\">Ma laoskit un evezhiadenn war hol lec\u2019hienn e vo goulennet diganeoc\u2019h leuskel hoc\u2019h anv, chomlec\u2019h postel ha lec\u2019hienn e diabarzh toupino\u00f9. Ne dalvez nemet evit hoc\u2019h aezamant, dre ma n\u2019ho po ket da ebarzhia\u00f1 an elfenno\u00f9-se ma laoskit un evezhiadenn all war-lerc\u2019h. Ne chom an toupino\u00f9-se ganeomp nemet bloaz.<\/p>\n\n\n\n<p class=\"has-blue-color has-text-color\">Ma \u2018z it betek ar bajenn kevrea\u00f1 e vo savet un toupin berrbad evit gwelet hag-e\u00f1 e vez degemeret an toupino\u00f9 pe get gant ho merdeer. N\u2019eus tamm daveen bersonel enno ha diverket e vo kerkent hag ur wech serret ar merdeer ganeoc\u2019h.<\/p>\n\n\n\n<p><\/p>\n\n\n\n<p class=\"has-text-color\" style=\"color:#3a6a0a\">If you leave a comment on our site, you will be asked to save your name, e-mail address and site in cookies. This is only for your convenience, so that you don&rsquo;t have to enter this information if you leave another comment later. These cookies expire after one year.<\/p>\n\n\n\n<p class=\"has-text-color\" style=\"color:#3a6a0a\">If you go to the login page, a temporary cookie will be created to determine whether your browser accepts cookies. It contains no personal data and will be deleted automatically when you close your browser.<\/p>\n\n\n\n<p class=\"has-text-color\" style=\"color:#3a6a0a\">When you log in, we will set a number of cookies to record your login information and screen preferences. The lifetime of a login cookie is two days, that of a screen option cookie is one year. If you check \u00ab\u00a0Remember me\u00a0\u00bb, your login cookie will be kept for two weeks. If you log out of your account, the login cookie will be deleted.<\/p>\n\n\n\n<p class=\"has-text-color\" style=\"color:#3a6a0a\">By editing or publishing a publication, an additional cookie will be stored in your browser. This cookie does not contain any personal data. It simply indicates the ID of the publication you have just modified. It expires after one day.<\/p>\n\n\n\n<h2 class=\"wp-block-heading has-black-color has-text-color\">Contenu embarqu\u00e9 depuis d\u2019autres sites &#8211; Embedded content from other sites<\/h2>\n\n\n\n<p>Les articles de ce site peuvent inclure des contenus int\u00e9gr\u00e9s (par exemple des vid\u00e9os, images, articles\u2026). Le contenu int\u00e9gr\u00e9 depuis d\u2019autres sites se comporte de la m\u00eame mani\u00e8re que si le visiteur se rendait sur cet autre site.<\/p>\n\n\n\n<p>Ces sites web pourraient collecter des donn\u00e9es sur vous, utiliser des cookies, embarquer des outils de suivis tiers, suivre vos interactions avec ces contenus embarqu\u00e9s si vous disposez d\u2019un compte connect\u00e9 sur leur site web.<\/p>\n\n\n\n<p><\/p>\n\n\n\n<p class=\"has-text-color\" style=\"color:#3a6a0a\">&nbsp;Articles on this site may include embedded content (e.g. videos, images, articles, etc.). Embedded content from other sites behaves in the same way as if the visitor were visiting that other site.<\/p>\n\n\n\n<p class=\"has-text-color\" style=\"color:#3a6a0a\">These websites may collect data about you, use cookies, embed third-party tracking tools, track your interactions with such embedded content if you have a logged-in account on their website.<\/p>\n\n\n\n<h2 class=\"wp-block-heading\">Utilisation et transmission de vos donn\u00e9es personnelles &#8211; Use and transmission of your personal data<\/h2>\n\n\n\n<p>Si vous demandez une r\u00e9initialisation de votre mot de passe, votre adresse IP sera incluse dans l\u2019e-mail de r\u00e9initialisation.<\/p>\n\n\n\n<p>If you request a password reset, your IP address will be included in the reset e-mail.<\/p>\n\n\n\n<h2 class=\"wp-block-heading\">Dur\u00e9es de stockage de vos donn\u00e9es &#8211; Data storage periods<\/h2>\n\n\n\n<p><strong class=\"privacy-policy-tutorial\">&nbsp;<\/strong>Si vous laissez un commentaire, le commentaire et ses m\u00e9tadonn\u00e9es sont conserv\u00e9s ind\u00e9finiment. Cela permet de reconna\u00eetre et approuver automatiquement les commentaires suivants au lieu de les laisser dans la file de mod\u00e9ration.<\/p>\n\n\n\n<p>Pour les comptes qui s\u2019inscrivent sur notre site (le cas \u00e9ch\u00e9ant), nous stockons \u00e9galement les donn\u00e9es personnelles indiqu\u00e9es dans leur profil. Tous les comptes peuvent voir, modifier ou supprimer leurs informations personnelles \u00e0 tout moment (\u00e0 l\u2019exception de leur identifiant). Les gestionnaires du site peuvent aussi voir et modifier ces informations.<\/p>\n\n\n\n<p><\/p>\n\n\n\n<p class=\"has-text-color\" style=\"color:#3a6a0a\">If you leave a comment, the comment and its metadata are stored indefinitely. This allows us to automatically recognize and approve subsequent comments instead of leaving them in the moderation queue.<\/p>\n\n\n\n<p class=\"has-text-color\" style=\"color:#3a6a0a\">For accounts that register on our site (where applicable), we also store the personal data indicated in their profile. All accounts can view, modify or delete their personal information at any time (with the exception of their login). Site managers can also view and modify this information.<\/p>\n\n\n\n<h2 class=\"wp-block-heading\">Les droits que vous avez sur vos donn\u00e9es &#8211; The rights you have on your data<\/h2>\n\n\n\n<p>Si vous avez un compte ou si vous avez laiss\u00e9 des commentaires sur le site, vous pouvez demander \u00e0 recevoir un fichier contenant toutes les donn\u00e9es personnelles que nous poss\u00e9dons \u00e0 votre sujet, incluant celles que vous nous avez fournies. Vous pouvez \u00e9galement demander la suppression des donn\u00e9es personnelles vous concernant. Cela ne prend pas en compte les donn\u00e9es stock\u00e9es \u00e0 des fins administratives, l\u00e9gales ou pour des raisons de s\u00e9curit\u00e9.<\/p>\n\n\n\n<p class=\"has-text-color\" style=\"color:#3a6a0a\">If you have an account or have left comments on the site, you can ask to receive a file containing all the personal data we hold about you, including that which you have provided to us. You can also request the deletion of your personal data. This does not include data stored for administrative, legal or security purposes.<\/p>\n\n\n\n<h2 class=\"wp-block-heading\">O\u00f9 vos donn\u00e9es sont envoy\u00e9es &#8211; Where your data are sent<\/h2>\n\n\n\n<p>Les commentaires des visiteurs peuvent \u00eatre v\u00e9rifi\u00e9s \u00e0 l\u2019aide d\u2019un service automatis\u00e9 de d\u00e9tection des commentaires ind\u00e9sirables.<\/p>\n\n\n\n<p class=\"has-text-color\" style=\"color:#3a6a0a\">Visitor comments can be checked using an automated service for detecting undesirable comments.<\/p>\n","protected":false},"excerpt":{"rendered":"<p>Qui sommes-nous&nbsp;? Who we are L\u2019adresse de notre site est\u00a0: https:\/\/bretagneceltique.bzh\/ Chomlec&rsquo;h hor lec&rsquo;hienn a zo : https:\/\/bretagneceltique.bzh\/ Who we are : Our website address is: https:\/\/bretagneceltique.bzh\/ Commentaires &#8211; Evezhiadenno\u00f9 &#8211; Comments Quand vous laissez un commentaire sur notre site, &hellip; <a href=\"https:\/\/bretagneceltique.bzh\/?page_id=3\">Continuer la lecture <span class=\"meta-nav\">&rarr;<\/span><\/a><\/p>\n","protected":false},"author":1,"featured_media":0,"parent":0,"menu_order":0,"comment_status":"closed","ping_status":"open","template":"","meta":{"footnotes":""},"class_list":["post-3","page","type-page","status-publish","hentry"],"_links":{"self":[{"href":"https:\/\/bretagneceltique.bzh\/index.php?rest_route=\/wp\/v2\/pages\/3","targetHints":{"allow":["GET"]}}],"collection":[{"href":"https:\/\/bretagneceltique.bzh\/index.php?rest_route=\/wp\/v2\/pages"}],"about":[{"href":"https:\/\/bretagneceltique.bzh\/index.php?rest_route=\/wp\/v2\/types\/page"}],"author":[{"embeddable":true,"href":"https:\/\/bretagneceltique.bzh\/index.php?rest_route=\/wp\/v2\/users\/1"}],"replies":[{"embeddable":true,"href":"https:\/\/bretagneceltique.bzh\/index.php?rest_route=%2Fwp%2Fv2%2Fcomments&post=3"}],"version-history":[{"count":6,"href":"https:\/\/bretagneceltique.bzh\/index.php?rest_route=\/wp\/v2\/pages\/3\/revisions"}],"predecessor-version":[{"id":322,"href":"https:\/\/bretagneceltique.bzh\/index.php?rest_route=\/wp\/v2\/pages\/3\/revisions\/322"}],"wp:attachment":[{"href":"https:\/\/bretagneceltique.bzh\/index.php?rest_route=%2Fwp%2Fv2%2Fmedia&parent=3"}],"curies":[{"name":"wp","href":"https:\/\/api.w.org\/{rel}","templated":true}]}}